s.
7
What is the remainder when 56 is divided by -8*(9 - 6 - 5)?
8
Let h = -69 - -125. Suppose -y - h = -5*y. What is the remainder when y is divided by ((-2)/9)/(62/93)*-15?
4
Let r be 12/2*(-12)/(-36). Let v(t) = -t**r + 3 + t + 7*t + 0 + 0. Calculate the remainder when 7 is divided by v(8).
1
Let i(r) = -5 - r**2 + 4 + 2*r - 3*r + 4. Calculate the remainder when 3 is divided by i(0).
0
Let t(a) = 12*a - 3. Calculate the remainder when t(7) is divided by 29.
23
Let p = -1712 - -1798. Calculate the remainder when p is divided by 83.
3
Let p(g) = 118*g**2 - 4 - 236*g**2 + 121*g**2 + 4*g. What is the remainder when 29 is divided by p(2)?
13
Let f(w) = -w**2 - 2*w + 1. Let k be f(-3). Let i be k/7 + 74/14. Suppose -i*j + 2 = -63. Calculate the remainder when 35 is divided by j.
9
Suppose 168 - 195 = -2*z + 5*x, 72 = 3*z + 3*x. Calculate the remainder when 691 is divided by z.
19
Suppose 63 = -4*o - 169. Let j = o - -87. What is the remainder when j is divided by 18?
11
Calculate the remainder when ((-395)/10)/(3/(-18)) is divided by 8.
5
Let q = 210 - 154. What is the remainder when q is divided by 17?
5
Let q(z) = 5*z**2 + 34*z + 9. What is the remainder when 66 is divided by q(-7)?
2
Suppose 3*f - f + 3*q + 90 = 0, 4*q - 76 = 2*f. Suppose -55 - 10 = -5*k. What is the remainder when (-1 + 3)/((-4)/f) is divided by k?
8
Let i be (1/2)/(2/20). Suppose -i*v = -8 - 52. Calculate the remainder when 33 is divided by v.
9
Let r(w) = w**3 - 19*w**2 + 3*w + 18. Let x be r(19). Calculate the remainder when x - (0 - 3/(-1)) is divided by 25.
22
Let x(i) = -i**3 - 4*i**2 + 13*i + 9. Let y be x(-6). Suppose -y = -t, 5*d + 3*t = 2*d + 51. What is the remainder when 52 is divided by d?
10
Let k(w) = w**2 - 15*w + 3. Let j be k(15). Suppose j = -o - 4*a + 1, 0 = -5*o - a - 10. Calculate the remainder when 25 is divided by 6/4 - 23/o.
12
Let k(r) = 6*r - 1. Let t be k(1). Suppose -t*z + 75 = -50. Let q = -16 + z. What is the remainder when 17 is divided by q?
8
Let u(y) = -10 - 16 + 4 + 0 + 5*y. Let a be u(10). Suppose -x - a = -4*f + 2*x, 0 = 4*f + 5*x - 60. Calculate the remainder when 27 is divided by f.
7
Let l(i) be the second derivative of i**3/6 + 4*i**2 + 7*i. What is the remainder when 23 is divided by l(6)?
9
Suppose 8 = -4*q, 3*c - 2*c - 5*q - 35 = 0. Suppose 2*x + 5*u = 218, u = -16*x + 15*x + 115. What is the remainder when x is divided by c?
19
Suppose -3*n + 20 = 2*n. Suppose -p + 56 = -4*v, 0 = n*v + 4*p + 87 - 11. What is the remainder when (-2)/5 + (-261)/v is divided by 9?
8
Suppose 50 = -4*o - 22. Suppose 0 = 7*g + 54 - 292. Let u = g + o. What is the remainder when 62 is divided by u?
14
Let h(x) = 13*x - 15. Let v be h(-4). What is the remainder when (9/(-6))/(1 - v/(-64)) is divided by 18?
14
Let o = 105 - 98. Calculate the remainder when 56 is divided by o.
0
Let p(j) be the second derivative of -j**3/2 - j**2 + 3*j. What is the remainder when 40 is divided by p(-3)?
5
Suppose -6*y = 7*y - 52. Suppose 0 = u + y*v + 17, 2*u - 3*u = -3*v - 18. Let o = -4 + 13. Calculate the remainder when o is divided by u.
0
Let y(s) = 7*s + 5. Let x be y(-2). Let l = -9 - x. Suppose -2*b - 2*j + 5*j = -40, l = 2*b - 4*j - 36. What is the remainder when b is divided by 14?
12
Let u = 1 - -4. Suppose 10*j - u*j - 285 = 0. What is the remainder when j is divided by 1 - 2 - (121 + 5)/(-6)?
17
Let a = 83 + -99. Let h = a - -134. Calculate the remainder when h is divided by 30.
28
Let s = 84 - 55. Let k(l) = 5*l - 2. Let t be k(2). Suppose t*q - 51 = -11. What is the remainder when s is divided by q?
4
Let w(a) = 14*a - 8. Calculate the remainder when w(2) is divided by 10.
0
Calculate the remainder when 702 is divided by -5*-3*55/75.
9
Suppose -m = 1 - 6. Suppose m*n - 12 = 223. Let l = 39 - 27. What is the remainder when n is divided by l?
11
Let q be 697/221 - (15/13 + -1). Suppose -2*w - t = -300, t = 5*w + q*t - 750. What is the remainder when w is divided by 19?
17
Suppose 5*f = 6*f + 6. Suppose 7*w - 3*w - 3*h - 1 = 0, -w = -4*h + 16. Calculate the remainder when w is divided by (-4)/(-6)*f/(-2).
0
Let v = 62 + -51. What is the remainder when v is divided by 2?
1
Suppose g = -u, 2*g + 10 = -0*g + 3*u. Let j(o) = -o**3 - 6*o**2 - 6*o + 5. Calculate the remainder when (348/24)/((-1)/g) is divided by j(-5).
9
Let t(p) = -20*p - 8. What is the remainder when t(-4) is divided by 45?
27
Suppose 0 = 4*q + 4, -4*q + q = -6*k + 21. Let h(y) = 7*y**3 + 2*y**2 - 1. What is the remainder when h(1) is divided by k?
2
Suppose 3*n - 2*p = 8*n - 107, -4*p - 108 = -4*n. Suppose -57 - n = -8*k. Calculate the remainder when k is divided by 8.
2
Let n(g) = g - 11. Calculate the remainder when 202 is divided by n(28).
15
Let m(v) = -2496*v**3 + 2*v**2 + 17*v + 16. Calculate the remainder when m(-1) is divided by 125.
122
Let o(p) = -12*p + 35. Calculate the remainder when o(-5) is divided by 10.
5
Let j(o) = 6*o**2 - 10*o + 7. What is the remainder when 63 is divided by j(2)?
8
Let c(x) = -x**2 - 39*x - 299. Calculate the remainder when 242 is divided by c(-20).
80
Let n(s) = s**3 + 3*s**2 + 3*s + 2. Let t be n(-2). Suppose 4*g + 240 + 140 = t. Let k = -65 - g. What is the remainder when k is divided by 11?
8
Suppose 16*c - 720 = -64*c. What is the remainder when 2131 is divided by c?
7
Let w = -115 - -145. Calculate the remainder when 54 is divided by w.
24
Suppose 21*q = 17*q - 152. Let v = -26 - q. Calculate the remainder when v is divided by 5.
2
Let t = 30 - 31. Calculate the remainder when 78 is divided by (-3)/(-2)*6 - t.
8
Suppose 5*x = -3*p + 78, -6*x + 55 = -2*x - 5*p. What is the remainder when (-10 + 4)/((-2)/9) is divided by x?
12
Let j = -577 + 680. What is the remainder when j is divided by 15?
13
Let w = 3 - 3. Suppose 4*d - 3*n - 39 - 25 = w, -80 = -4*d - n. Calculate the remainder when d is divided by 11.
8
Suppose 5*a + q = 206, -26*a + 2*q - 34 = -27*a. Calculate the remainder when 198 is divided by a.
30
Let n = -16203 - -16258. Let v = 29 - -244. What is the remainder when v is divided by n?
53
Let v(y) = y**3 + 17*y**2 - 14*y - 4. Calculate the remainder when v(-17) is divided by 121.
113
Suppose 5*r = 3*u + 1473, -u = 5*r - 1350 - 119. What is the remainder when r is divided by 95?
9
Let i be 2196/(-54) + (-1)/(3/(-2)). Calculate the remainder when 70 is divided by (-3 - 0)/1 - i.
33
Let z = 18 + -6. Let a(h) = -2*h**3 + 14*h**2 - 6*h - 13. Calculate the remainder when a(6) is divided by z.
11
Let d(f) be the first derivative of 15*f**2 - 44*f - 34. What is the remainder when d(5) is divided by 54?
52
Calculate the remainder when (741546/(-65))/(-18) - 1/(-5) is divided by 16.
10
Let d be 1/((-1)/(-30)) + 1. Suppose -d - 2 = -3*b. What is the remainder when 65 is divided by b?
10
Calculate the remainder when (17 - -1) + 11 + 165/(-11) is divided by (2 + -3)/((-2)/24).
2
Suppose 7*r - 1569 = 2638. Calculate the remainder when r is divided by 43.
42
Let d(k) = -8*k + 32. Calculate the remainder when 202 is divided by d(-4).
10
Suppose -i = -2 - 8. Calculate the remainder when (-903)/(-15) - 2/i is divided by 21.
18
Let m = 105 - 56. Suppose -3*n + 4*b + 55 = 0, 2*n + 155 = -3*b + 152. Calculate the remainder when m is divided by n.
4
Let i(d) = 99*d - 19. Calculate the remainder when i(3) is divided by 20.
18
Let v = -5 - -20. Let y = 16 - 9. Suppose 54 = y*r + 2*r. What is the remainder when v is divided by r?
3
Suppose -5*k + l + 201 = 5*l, 2*k - 3*l - 62 = 0. Calculate the remainder when 46 is divided by k.
9
What is the remainder when 208 is divided by (-4 + -1 + 3)*(1 - 19)?
28
Suppose -14*u = -17*u + 441. What is the remainder when u is divided by 11?
4
Suppose 24*k = 23*k + 5. Let h be 1/k - (-61)/(-5). Calculate the remainder when 9 is divided by h*(-3 + (-20)/(-8)).
3
Suppose 25*t - 533 = 7942. What is the remainder when t is divided by 85?
84
Suppose 0 = 4*n - 3*n. Suppose n = 2*l - 8 - 4. Suppose -g = -0*g - l. What is the remainder when 22 is divided by g?
4
Let r = -29 - -20. Let x(k) = k + 13. Let a be x(r). Suppose -4 = -a*u + 8. Calculate the remainder when u is divided by 3.
0
Suppose -14*y - 191 + 933 = 0. What is the remainder when y is divided by 39?
14
Let u = -383 - -394. What is the remainder when 53 is divided by u?
9
Let y